 -1250*t**2 - 8537*t - 6218. Calculate w(-6).
4
Let r(m) = -12*m**2 + 7293*m - 21792. Calculate r(3).
-21
Let g(y) = 4461707*y - 4461701. Give g(1).
6
Let r(t) = -27*t**3 + 1163*t**2 - 138*t + 2208. Calculate r(43).
-28
Let p(b) = -b**3 + 18*b**2 - 72*b + 62. Calculate p(7).
97
Let w(r) = -3*r**2 + 777*r - 19413. Calculate w(231).
-9
Let c(g) = -1627*g + 540197. Give c(332).
33
Let i(p) = -24*p + 84. Determine i(1).
60
Let i(d) = -4587*d**2 + 10753*d - 10753. What is i(1)?
-4587
Let d(q) = 1102*q - 100719. Determine d(93).
1767
Let c(l) = -3*l**2 + 1236*l - 118598. Give c(152).
-38
Let y(f) = -1189*f + 136698. Give y(115).
-37
Let f(m) = -17161*m + 10279442. Calculate f(599).
3
Let h(a) = -983*a + 8089. Give h(10).
-1741
Let y(o) = -o**3 + 79*o**2 - 1242*o - 158. Determine y(57).
526
Let o(l) = -10*l**3 - 2002*l**2 + 5672*l - 2433. Calculate o(-203).
3
Let k(m) = -60*m**2 + 5*m - 650. Give k(0).
-650
Let h(j) = 10077*j + 463555. What is h(-46)?
13
Let a(k) = -k**2 + 25412*k + 101672. What is a(-4)?
8
Let r(v) = v**2 - 1020*v + 53707. Calculate r(56).
-277
Let w(x) = -86*x - 1610. What is w(-31)?
1056
Let c(z) = 15*z**2 - 647*z + 284. Calculate c(43).
198
Let j(z) = 3*z**2 + 173*z - 2058. Calculate j(-68).
50
Let v(d) = 15*d**2 + 3033*d - 15531. Determine v(5).
9
Let r(g) = 2773*g**2 + 33270*g - 81. What is r(-12)?
-9
Let h(n) = 3765*n + 49006. What is h(-13)?
61
Let u(p) = -p**2 + 73*p - 1478. Determine u(34).
-152
Let f(s) = 1854*s - 18259. Determine f(10).
281
Let b(z) = 975*z**2 + 38999*z - 27. Give b(-40).
13
Let h(f) = f**3 - f**2 + 8*f + 28. Calculate h(0).
28
Let q(m) = 9165*m - 779198. Determine q(85).
-173
Let q(b) = -4052*b - 4168. Determine q(-1).
-116
Let j(i) = 40*i**2 + 1806*i - 3780. Calculate j(2).
-8
Let s(t) = t**3 + 4*t**2 + 32*t - 346. What is s(6)?
206
Let u(t) = 2*t**3 + 39*t**2 + 56*t - 180. What is u(-3)?
-51
Let i(s) = 6*s**3 + 104*s**2 - 202*s - 4441. Give i(-17).
-429
Let k(u) = -145*u + 2603. Calculate k(18).
-7
Let s(a) = a**2 - 267*a + 16904. Give s(168).
272
Let y(l) = -5*l**2 - 139662*l + 139661. Calculate y(1).
-6
Let g(w) = -w**2 + 13*w + 1524. What is g(-35)?
-156
Let s(b) = 97*b**2 + 243*b + 130. Determine s(-5).
1340
Let n(l) = l**3 + 10*l**2 - 72*l - 741. Determine n(-6).
-165
Let j(w) = -2*w**3 + 42*w**2 - 109*w + 197. Calculate j(18).
179
Let g(a) = a**3 + 11*a**2 - 583*a + 1152. Calculate g(-31).
5
Let h(a) = 373*a + 6763. Give h(-18).
49
Let b(f) = 328*f**2 - 7547*f + 61. Give b(23).
-8
Let d(w) = -1019*w - 70344. What is d(-69)?
-33
Let q(r) = -9*r**2 + 883*r + 670. Determine q(99).
-122
Let d(p) = -3*p**3 + 142*p**2 + 1512*p + 43. Determine d(-9).
124
Let n(q) = q**3 + 26*q**2 + 1321*q + 30552. Determine n(-24).
0
Let x(t) = 13*t**3 + 380*t**2 - 1172*t - 298. Give x(-32).
342
Let s(u) = 4*u**3 - 8*u**2 - 42*u - 325. What is s(6)?
-1
Let c(t) = -950*t + 28019. Give c(31).
-1431
Let d(r) = r**3 - 7*r**2 - 466*r - 922. Give d(-2).
-26
Let i(f) = -32371*f - 97175. Give i(-3).
-62
Let i(a) = 662*a**2 - 7*a - 182. Give i(0).
-182
Let i(h) = -h**2 - 2*h + 44. What is i(33)?
-1111
Let p(s) = 3*s**2 + 147*s + 2185. Give p(-16).
601
Let p(q) = q**2 - 457*q + 38682. Determine p(111).
276
Let l(y) = y**2 - 48*y - 113. Give l(-8).
335
Let r(x) = -10*x**3 - 12*x**2 - 43*x - 1. Determine r(0).
-1
Let c(f) = -4*f**2 + 110*f - 57. Calculate c(30).
-357
Let m(d) = -d**3 - 15*d**2 + 4*d - 157. Determine m(-12).
-637
Let t(v) = -6*v**3 - 326*v**2 - 1319*v - 1046. Calculate t(-50).
-96
Let j(g) = -10*g**3 + 12*g**2 - 9364*g + 18752. Determine j(2).
-8
Let p(j) = j**3 + 84*j**2 + 96*j - 11697. What is p(-81)?
210
Let s(m) = 3*m**2 - 524*m - 8715. Determine s(190).
25
Let c(v) = -11*v**3 - 3325*v**2 - 1193*v - 86698. Calculate c(-302).
-24
Let h(w) = -w**2 - 1113*w - 70989. Calculate h(-68).
71
Let v(m) = 182*m**2 + 28*m + 36. Calculate v(-1).
190
Let s(d) = -4*d**3 - 464*d**2 - 2644*d + 21. Determine s(-110).
461
Let b(s) = s**3 + 262*s**2 - 164*s - 42968. Give b(-262).
0
Let q(y) = 10756*y - 128985. Give q(12).
87
Let u(i) = -125*i + 812. What is u(18)?
-1438
Let q(c) = -1277*c - 182016. Calculate q(-142).
-682
Let j(b) = -7479*b - 889952. Calculate j(-119).
49
Let s(l) = 5*l**2 - 108*l + 81. Calculate s(27).
810
Let b(q) = 3*q**2 + 996*q + 17839. Determine b(-313).
-2
Let u(d) = d**3 - 108*d**2 - 934*d + 592. Determine u(116).
-104
Let d(w) = 11064*w + 431180. Give d(-39).
-316
Let i(h) = h**3 - 20*h**2 + 71*h - 989. Give i(16).
-877
Let c(s) = 49*s**2 - 784*s - 43. What is c(16)?
-43
Let h(f) = 40*f**3 + 160*f**2 - 6*f - 18. What is h(-4)?
6
Let o(z) = -3*z**2 + 257*z + 810. Determine o(92).
-938
Let t(i) = -41*i**2 - 2173*i - 240. Determine t(-53).
-240
Let h(m) = -1133*m + 11210. What is h(6)?
4412
Let d(m) = -98*m**3 + 38125*m**2 - 1166*m - 367. Determine d(389).
22
Let q(k) = 2*k**3 - 99*k**2 - 79*k + 140. Give q(50).
-1310
Let z(a) = 4*a**3 + 2219*a**2 - 574*a - 10537. Give z(-555).
8
Let m(s) = s**3 - 9*s**2 + 138*s - 671. Determine m(6).
49
Let j(x) = x**2 - 986*x - 26380. What is j(-26)?
-68
Let j(q) = -6014*q + 17177. Calculate j(2).
5149
Let n(y) = 15*y**2 + 59*y - 7. Calculate n(0).
-7
Let f(m) = -m**2 - 1131*m - 14513. Calculate f(-13).
21
Let u(f) = -1742*f - 158498. Calculate u(-91).
24
Let q(f) = 34*f**3 + 50*f**2 + 6*f. Determine q(3).
1386
Let i(q) = -q**2 + 1972*q - 81253. What is i(42)?
-193
Let h(i) = -3*i**3 - 12*i**2 + 390*i + 511. Calculate h(-13).
4
Let u(g) = 468*g + 47716. Calculate u(-102).
-20
Let f(u) = 2*u + 238. Calculate f(0).
238
Let t(k) = 248*k + 351. Give t(2).
847
Let o(b) = -18672*b + 373436. What is o(20)?
-4
Let b(w) = 117*w - 8066. What is b(69)?
7
Let w(q) = 14323*q + 2220016. What is w(-155)?
-49
Let o(p) = -174573*p + 174555. What is o(1)?
-18
Let k(q) = -q**3 - 6*q**2 + 609*q + 5225. Calculate k(-9).
-13
Let i(c) = 5*c**2 + 688*c - 25803. What is i(30)?
-663
Let u(a) = -16219*a - 1102895. What is u(-68)?
-3
Let q(j) = -608*j + 210. Determine q(-1).
818
Let l(j) = -2*j**3 + 294*j**2 + 299*j + 196. Give l(148).
640
Let m(y) = -256*y - 277. What is m(-1)?
-21
Let j(t) = 4*t**2 + 157*t - 10840. What is j(36)?
-4
Let l(j) = 545*j + 34392. What is l(-63)?
57
Let l(o) = -o**2 + 184*o - 7797. Determine l(109).
378
Let d(y) = 247*y + 23813. What is d(-97)?
-146
Let o(c) = c**3 - 114*c**2 - 344*c - 1652. What is o(117)?
-833
Let x(v) = -3206*v + 70486. Calculate x(22).
-46
Let f(v) = -34*v**3 + 2823*v**2 - 95*v + 938. What is f(83)?
-58
Let g(v) = 78*v + 1791. Give g(-23).
-3
Let p(s) = 12750*s - 1019905. What is p(80)?
95
Let w(j) = j**2 + 519*j - 54485. Determine w(92).
1727
Let g(h) = -3*h**2 - 436*h + 1156. What is g(-147)?
421
Let l(a) = a**2 - 520*a - 168595. Calculate l(-226).
1
Let j(m) = 4*m**3 + 38*m**2 - 66*m + 5. What is j(-11)?
5
Let t(p) = 173*p**2 + 1159*p + 715. Calculate t(-6).
-11
Let k(h) = -h**2 + h + 822. Give k(-44).
-1158
Let j(m) = m**3 - 82*m**2 - 2530*m + 340. Give j(-24).
4
Let h(a) = 163*a**2 - 9128*a + 17. Calculate h(56).
17
Let r(v) = v**2 + 317*v + 6167. Give r(-20).
227
Let k(l) = -2352*l**2 + 122301*l + 170. What is k(52)?
14
Let g(r) = r**2 - 4183*r - 345378. Determine g(-81).
6
Let t(d) = -d**3 - 246*d**2 + 1520*d + 314399. What is t(-247)?
-32
Let c(s) = -s**3 + 1083*s**2 - 9657*s - 9636. Determine c(1074).
30
Let f(b) = -2*b**3 - 25*b**2 + 561*b - 516. What is f(11)?
-32
Let d(r) = 2009*r + 182787. Calculate d(-91).
-32
Let r(w) = -2*w**2 + 815*w - 2442. Determine r(3).
-15
Let w(s) = 9*s**3 - 13*s**2 + 5969*s - 5959. Give w(1).
6
Let m(n) = n**3 + 541*n**2 + 7395*n + 238. Determine m(-14).
0
Let m(k) = -k**2 - 693*k + 1545328. Determine m(944).
0
Let p(o) = -1651*o + 11714. Determine p(7).
157
Let c(b) = 310249*b - 2792242. Give c(9).
-1
Let g(x) = 1607*x - 1017238. Give g(633).
-7
Let o(q) = -q**3 + 67*q**2 + 83*q - 30. Give o(68).
990
Let b(z) = 3*z**3 - 1918*z**2 + 46079*z - 99. Determine b(25).
1
Let g(u) = 2360*u + 4188. What is g(-2)?
-532
Let i(r) = r**3 + 69*r**2 + 977*r + 67367. What is i(-69)?
-46
Let i(a) = a**3 + 21*a**2 - 62*a - 295. What is i(-23)?
73
Let w(v) = -33339*v + 2333761. Determine w(70).
31
Let w(u) = -2*u**2 + 882*u + 15968. What is w(-18)?
-556
Let o(t) = t**2 - 61740*t - 1482413. Determine o(-24).
-77
Let b(n) = -